n + 155052*n**2. What is b(-14)?
11
Let m(u) = -u**2 - 4*u. Suppose 0 = 2*k + 5*a - 12, -497*k = -496*k + 4*a - 9. Calculate m(k).
-5
Let b(s) = 59*s - 12 - 29 + 73*s - 120*s. Calculate b(14).
127
Let w(b) be the second derivative of 10*b**3 + 3*b**2 + 2757*b. Calculate w(2).
126
Let z(m) = -23*m**3 - 17*m**2 - 14*m. Let n(i) = 8*i**3 + 6*i**2 + 5*i. Let x(d) = 17*n(d) + 6*z(d). Suppose -50 = -97*b + 47. What is x(b)?
-1
Let t(n) = -n**2 + 50*n - 258. Let b be ((-4620)/(-525))/(2/10). What is t(b)?
6
Let t(z) = 17 - 65*z**3 + 13 + 27*z**3 + 8*z**2 + 11*z + 5 + 39*z**3. Give t(-5).
55
Let b(f) = -4*f**3 + 83346 - 83358 + 3*f**2 + 2*f**2 - f + 3*f**3. Give b(6).
-54
Let w(z) = -22*z - 101. Let v(y) = -3*y**2 + 16*y + 94. Let j be v(9). What is w(j)?
9
Suppose 7 = -k + 55. Let n(q) = -4 - k*q + 15 + 49*q. Let l = -126 + 117. What is n(l)?
2
Let x(z) be the first derivative of 122 + 4*z**2 + 3*z**3 + 1/4*z**4 - 8*z. Calculate x(-8).
-8
Let s(r) = -2*r**2 + 3*r + 1. Let i(o) = 3*o**2 - 2*o + 5. Let d(m) = -i(m) - s(m). Let k = 13 + -8. Suppose 3*l - 3 = x, -5*x + 2*x - 9 = -k*l. Determine d(l).
-6
Let i(x) = x**3 + x**2 - x - 24. Let f be (-1)/(3/(0 + -9)). Suppose 7*h = -5*c + 3*h + 8, 19 = 4*c - h. Suppose -u = c*v - 8, u + 2*v = 1 + f. Calculate i(u).
-24
Let c(z) = -390*z**2 + 775*z**2 + 1 - z - 386*z**2 - z**3. Let f(q) = -2*q**3 - 8*q**2 - 4*q. Let x(y) = -3*c(y) + f(y). Calculate x(5).
-8
Suppose 67*r = 68*r + 4. Let o = -1 - 0. Let g be r + 3 - (o + -1). Let y(k) = -14*k**2 + k - 1. Calculate y(g).
-14
Suppose 34*n + 37*n + 92 = 75*n. Let y(v) be the third derivative of -1/60*v**5 + 0*v + 4/3*v**3 + 5/24*v**4 - n*v**2 + 0. Give y(6).
2
Let s(w) = 11*w**2 - 14*w - 47. Let y(m) = 7*m**2 - 11*m - 30. Let i(d) = 5*s(d) - 8*y(d). Calculate i(18).
5
Let v(z) = z**3 + 2*z. Let b(f) = -3*f**3 + 5*f**2 + 4*f - 6. Let s(x) = b(x) + 2*v(x). Let h = -1 - -2. Let y = h + 5. What is s(y)?
6
Let v(i) = i + 9*i**2 + 189*i**3 - 190*i**3 - 23 + 20 - i + 4*i. What is v(8)?
93
Let y(j) be the first derivative of -6*j - 7/2*j**2 + 1/4*j**4 - 74 - 2*j**3. Give y(7).
-6
Let u(n) = n**3 + 7*n**2 - 2*n - 9. Let b = -25 + 34. Let q = -14 + 17. Suppose q*j = j - 5*p - 19, -b = 2*j - 5*p. Calculate u(j).
5
Let b(l) = -l**3 + 4*l**2 - l - 1. Let v(i) = 2*i**2 + i - 7. Let g(c) = -c**2 + c + 2. Let z(s) = 3*g(s) + v(s). Let y be z(2). What is b(y)?
5
Let m be (6/(-9))/(9/(-756)). Let j(o) = 22 + o**2 + 33 - o**3 - m. Calculate j(-1).
1
Suppose 8*t = 12*t - 12. Suppose -3*j - 13 = -2*j + t*g, -5*g = -4*j - 35. Let l(q) = q**3 + 9*q**2 - 10*q + 3. Determine l(j).
3
Let m(c) = -11*c**2 - c - 11. Let r(o) = 9*o**2 + 2*o + 10. Let w(k) = -4*m(k) - 5*r(k). Determine w(-3).
3
Let p be (277 + (-24)/3)/(-1 - -2). Let w = -274 + p. Let f(i) = i + 12. What is f(w)?
7
Let c(z) = 4*z - 2. Let v be -1*(-3)/(5 - 2). Let b be c(v). Let l(t) = 8 - 11 - 4*t - 3*t**b - 3*t**2 - t**3. Determine l(-5).
-8
Suppose -5*m = p - 5, -m = -359 + 358. Let n(g) = -g**3 - g**2 - g - 26. Determine n(p).
-26
Let o(b) = -3*b + 12. Let s be (-16 - -11) + -3 + 17. Give o(s).
-15
Let g(b) = b**3 - 15*b**2 + 12 - 41*b - 25*b - 37*b + 87*b + 8. Determine g(16).
20
Let i(f) = -f**3 + 8*f**2 - 8*f - 8. Let l(q) = -q**3 - 2*q**2 + 7*q - 2. Let s be l(-4). Suppose 33 = 3*d + 4*v, -s*d + 34 = 2*d + 2*v. Give i(d).
-15
Let d(v) = 3*v**3 - 3*v**2 - 3*v + 1. Let r(o) = 4*o**3 - 2*o**2 - 2*o + 2. Let u(g) = -5*d(g) + 4*r(g). Determine u(-6).
-3
Suppose 153*v = 154*v - 7. Let o(d) = -5*d - v + 9*d + 0*d - d**2. Give o(5).
-12
Let o(i) = i**2 + 56*i + 265. Let n be o(-5). Let p(d) = -2*d**2 + 14*d - 11. Calculate p(n).
-71
Let p(r) be the first derivative of 15*r**2/2 - 106*r + 4366. Determine p(7).
-1
Let d(i) = 7*i + 23. Suppose 3*r - 26*g = -21*g + 4, -r = -5*g - 8. What is d(r)?
9
Let f(y) = -2*y + 18 - 3 - 12 + 3*y. Suppose 2*o - 5*p + 5 = 0, 21*o - 19*o = 3*p - 3. Give f(o).
3
Let w(c) = -3*c**2 + 17*c - 4. Let d(v) = -13*v**2 + 70*v - 9. Let u(m) = 2*d(m) - 9*w(m). What is u(9)?
-18
Let f(y) = -2*y**2 - 2*y - 5. Let h(z) = -z**2 - 2*z - 2. Let a(k) = 4*f(k) - 7*h(k). Suppose 5*w + 3 = 4*w. Let g = 1 - w. Calculate a(g).
2
Let s(t) = -t**2 - 16*t - 65. Suppose -2097 + 407 = 227*c + 353. Give s(c).
-2
Let w be 16/((-6)/3) - 2/(-1). Let f(s) = 31*s + 3. Let j(p) = -17*p - 2. Let l(o) = w*f(o) - 11*j(o). Determine l(-2).
2
Let r = 2561 + -2558. Let b(g) = -g**3 + 6*g**2 - 4*g - 5. Let w be b(5). Suppose w = -m - f - 11, 4*f - 1 - 4 = r*m. Let h(c) = -c**2 - 6*c + 4. Give h(m).
-3
Suppose -2127*p = -2126*p + 6. Let g(x) = -x**3 - 7*x**2 + 3*x + 6. What is g(p)?
-48
Let x(b) = b**2 - 2*b. Suppose o + 5*u + 0*u = -42, 0 = 4*o + 5*u + 198. Let c be ((-28)/42)/(6/(-441)). Let t = o + c. What is x(t)?
15
Let t(c) be the second derivative of c**6/360 + c**5/12 + c**4/6 + 23*c**3/2 - c**2/2 + 41*c. Let l(i) be the second derivative of t(i). Determine l(-10).
4
Let m(x) be the second derivative of x**4/12 - 20*x**3/3 + 2*x + 31. Give m(40).
0
Suppose 4*z + 63 = -5*z. Let q(g) be the second derivative of g**4/12 + g**3/2 + g**2/2 - 516*g. Determine q(z).
29
Suppose 4*o - 3*z + 9 = -5, 2*o - 3*z + 10 = 0. Let l be -6 + 8 - (o - -2). Let h(g) = 0 - 288*g**l - 5*g + 6 + 289*g**2. Give h(6).
12
Let y(g) = -5*g. Let d(z) = 14*z - 1. Let i(p) = 4*d(p) + 11*y(p). Let m be i(5). Let o(k) = 27*k**3 - k**2 + k - 1. Give o(m).
26
Let u(i) = -8*i + 1. Suppose 6*l - 5*m - 90 = 2*l, 2*l - 5*m - 40 = 0. Suppose -p = -6*p + l. Suppose -8 = -5*j - 3*t, -p*j + 4*t - 1 = -2. Calculate u(j).
-7
Let g(h) be the second derivative of 1/120*h**5 + 0 + 0*h**2 + 3*h - 17/6*h**3 - 1/8*h**4. Let o(c) be the second derivative of g(c). What is o(-4)?
-7
Let h be -71 + ((-9)/6)/((-4)/(-8)). Let j = -70 - h. Let m(n) = 3*n**3 - j*n**3 + 0*n**2 - 493*n - 4 - 5*n**2 + 486*n. What is m(-4)?
8
Suppose -42 + 42 = -18*h. Let i(a) be the third derivative of -a**4/24 + 7*a**3/6 + a**2. What is i(h)?
7
Let v(f) = 11*f**2 - 58 - 25*f**2 + 20*f**2 + 19*f - 7*f**2. Give v(18).
-40
Let t(k) = 9 - 500*k + 254*k + 5 + 259*k. Give t(6).
92
Let o be -1 + 0 + 4*1/2. Let l(z) be the second derivative of -3*z**5/20 + z**4/12 - z**3/3 + z**2/2 - 73*z + 1. Give l(o).
-3
Let w(d) = -d**3 + 2*d**2 - 13*d + 17. Let b(t) = -2*t**2 + 10*t - 15. Let s(i) = -5*b(i) - 4*w(i). Give s(-3).
-89
Let c(f) be the third derivative of 1/6*f**3 + 0 + 19*f**2 + 0*f + 1/4*f**4. Determine c(-2).
-11
Let u(a) = 4*a**3 - 3*a**2 - a + 1. Let d = -8637 + 8640. Determine u(d).
79
Let t = 26 - 26. Let v be 3 + t*(2 - 1). Let k(o) = -2*o - v*o + 3*o - 4*o. Calculate k(-2).
12
Let d(c) = 7890 - 15472 - 19*c + 7849. Give d(14).
1
Let m(d) = -d**3 - d**2 + d. Let i(n) = -n**3 - 6*n**2 - 6*n + 3. Let y(j) = -i(j) + 2*m(j). Suppose 0 = 12*o - 168347 + 168287. Give y(o).
12
Suppose 0*s - 6 = -s. Let g(v) be the first derivative of -v**5/60 + v**4/4 + 5*v**3/6 + 4*v**2 - 87. Let t(o) be the second derivative of g(o). What is t(s)?
5
Let x(m) = -38*m**3 - 1. Let p(o) = -o**2 - 62*o - 84. Let c be p(-44). Let j = c - 707. Determine x(j).
-39
Let k be -3 + (249 - 5) - -5. Let r = 252 - k. Let t(n) = n**3 - 5*n**2 - 7*n - 8. Calculate t(r).
-14
Let d(n) = n**3 + 10*n**2 + 8*n - 61. Suppose 38*b + 2*b + 61 + 259 = 0. Give d(b).
3
Let z be (-7)/(-10)*15*(-1)/(-42). Let h(j) be the first derivative of z*j**4 - 4*j - 17 + j**2 - 2*j**3. What is h(6)?
8
Let v(z) = -2*z**2 - z + z**2 + 2 - 1. Suppose 254*i - 240*i + 6636 = 0. Let f = i + 472. Give v(f).
-1
Let c(k) be the third derivative of -1/12*k**5 + 5/6*k**3 + 0 + 1/6*k**4 + 1/120*k**6 - 21*k**2 + 0*k. Give c(4).
5
Let n(b) = -b + 8. Let l = 209 - 203. Suppose -4*s = -4*y - 12, -10*y + 9*y = -4*s - l. Give n(y).
14
Let z(b) = 6*b + 6524 - 3263 - b**2 - 3265 + 0*b**2. Calculate z(4).
4
Suppose -1037 + 333 = 67*s + 21*s. Let l(b) = b**2 + 6*b - 1. Determine l(s).
15
Let m(d) be the third derivative of -d**6/120 - d**5/10 - d**4/24 + d**3/2 - 4*d**2. Let v(y) = -5 - 5*y + 25 - 6*y - 4. Let a be v(2). Determine m(a).
9
Let d(r) = -2*r**3 + 22*r**2 - 19*r - 10. Let x be d(10). Let h(c) = -2*c + 28. What is h(x)?
28
Let b(j) = j**3 + 6*j**2 - 7*j. Suppose 171 = 3*t + 5*a, -a - 205 = -0*t - 4*t. Let m = -32 + t. Let u be (7/4)/(115/m + -6). Determine b(u).
0
Let z be (